94. What is the greatest common factor of g and 60?
10
Let r = 1629 - 1069. Calculate the highest common divisor of r and 21.
7
Suppose -678 = 11*c + 2259. Let m = c - -277. Suppose 4*v = v + 90. Calculate the highest common factor of v and m.
10
Let g be (-26)/(-117)*21/2 + (-18645)/(-9). What is the greatest common factor of g and 51?
17
Suppose -5*k = u - 1663, -2*k = k - u - 1001. Suppose 710*p - 709*p - k = 0. What is the highest common divisor of p and 9?
9
Suppose 0 = 3*h - f + 3*f - 3023, -2*f - 1021 = -h. Let x = h - 561. Calculate the greatest common divisor of x and 45.
45
Let m(w) = 2*w**2 - 3*w - 11. Let h be m(4). Suppose -2*k + 2 = -4. Suppose g - 3*c = 48, -g = k*c - 59 - 19. What is the greatest common divisor of g and h?
9
Let j = -18474 + 21162. Calculate the highest common divisor of j and 320.
64
Let q be ((-235)/(-1))/(10 - 190/20). What is the greatest common factor of q and 7708?
94
Suppose 49746 + 135257 = -9*w + 116*w. Calculate the highest common divisor of 455 and w.
91
Suppose 3*c = 1637*b - 1635*b + 891, -3*c = 2*b - 891. Calculate the highest common divisor of c and 165.
33
Suppose -2*o + 27 = 9. Let i(s) = 26*s + 33. Let d(j) = 30*j + 33. Let h(k) = -5*d(k) + 6*i(k). Let f be h(o). What is the highest common factor of f and 29?
29
Suppose 0 = 5*g - 250 + 70. Suppose -1188 = -11*n + 9*n - 16*n. Calculate the greatest common divisor of g and n.
6
Let z(g) = -g**3 + 11*g**2 - 18*g + 6. Let x be z(9). Let b be 41392/156 - (-2)/x*-4. What is the highest common divisor of 33 and b?
33
Let s be (10880/12)/5*45/5. Calculate the greatest common divisor of s and 160.
32
Suppose -250*c = -251*c + 45. What is the highest common divisor of 1395 and c?
45
Let z = 260 - 385. Let y = z + 146. Calculate the highest common factor of y and 14.
7
Suppose 0 = -20*t + 3502 + 5138. What is the highest common factor of 189 and t?
27
Let n be (-3)/(-2)*(-186912)/(-432). Calculate the greatest common factor of 3 and n.
1
Let v = -4913 + 5121. What is the highest common divisor of v and 1352?
104
Suppose 4374*d = 4373*d + h + 1647, -5*d + 4*h = -8228. Let v = 22 - -18. What is the greatest common factor of d and v?
40
Let d be (-18)/(-6) + 2 + -145. Let c be d/8*(-16)/5. Calculate the greatest common divisor of 64 and c.
8
Suppose 4*c + 2*m - m - 254 = 0, 4*c + 4*m = 248. Let v = -24 + c. Let k be 2589/10 - (-4)/v. Calculate the greatest common factor of 37 and k.
37
Let f be (-220)/(-30)*(259/14 - -4). What is the highest common factor of 726 and f?
33
Suppose -5*o - 4*v + 140 + 78 = 0, 5*o - 5*v - 200 = 0. Calculate the greatest common factor of 406 and o.
14
Let g = -2782 + 3493. Calculate the highest common factor of g and 1264.
79
Let p = 70 - 62. Let x(m) = m**2 - 14*m + 38. Let r be x(p). Let v be -2 - (1 + 1/(-2))*r. What is the highest common divisor of 6 and v?
3
Suppose -20 = 5*o, 5*r - 21 = 5*o + 9. Let h(u) = 62*u + 21. Let b be h(r). Calculate the highest common factor of b and 87.
29
Let c(n) = 23*n - 1012. Let i be c(54). What is the highest common divisor of 161 and i?
23
Let q(v) = v**3 + 11*v**2 + 4*v + 5. Suppose 0 = 2*f - 6*f - 24. Let c be q(f). Let d = -137 + 160. Calculate the greatest common divisor of c and d.
23
Suppose 2*j - 244 = -h, -5*j + 145 = 4*h - 843. Let y(a) = -a**2 - 19*a + 2. Let u be y(-14). Calculate the highest common factor of h and u.
36
Let y be (-2)/4 + 295/(-118) - -35. Calculate the greatest common divisor of y and 242.
2
Let r = 381 - 229. Suppose -y = 2*j + 3*y - r, 3*y = 2*j - 138. Suppose 1767 = 76*k + 399. What is the highest common factor of j and k?
18
Let t be 5*30/(-50) - -1811. What is the highest common divisor of t and 48?
16
Suppose -311 = -4*q - 5*k, -236 = -4*q + 2*k + 54. Suppose -q = -2*i + 18. Calculate the highest common factor of i and 1334.
46
Suppose 5*u + 6*o = 10*o + 15, -9 = -3*u + 4*o. Suppose 766*w = 768*w - 2. Calculate the greatest common divisor of w and u.
1
Let u be (10/(-15))/((-962)/(-2430) - 68/170). What is the highest common factor of 864 and u?
54
Let x be (9 + (-364)/(-42))*(191 + 1). Calculate the highest common divisor of 320 and x.
64
Let w(s) = s**3 - 31*s**2 - s + 35. Let a be w(31). What is the greatest common factor of 1012 and a?
4
Suppose 2*h - c - 19022 = 14135, 2*h - 3*c - 33163 = 0. Calculate the highest common divisor of 137 and h.
137
Suppose -42*n - 699 = -3*n - 2883. Calculate the highest common factor of 1141 and n.
7
Suppose 2 = 5*i - 4*i. Suppose -z + 7 = l, -5*l + 8 = -6*l + i*z. Suppose 4*w - l*y = 58, -3*w + 3*y = y - 43. Calculate the greatest common factor of 3 and w.
3
Suppose 3*u + 215 = -a, -34 = -2*u + 5*a - 183. Let g be (u/6)/(-4)*(-4 + 35). Calculate the greatest common factor of 248 and g.
31
Let w(c) = -c**2 + 14*c - 5. Suppose 0 = 2*r - 5*f - 36, 4*r - 43 = 2*f + 13. Let g be w(r). Let k = 65 + -25. What is the highest common divisor of k and g?
8
Let t be 80/30*(-39)/2. Let s be (-45)/2*t/39. Let u be ((-15)/(-6))/(1/4). Calculate the greatest common divisor of s and u.
10
Let g(p) = 5*p**3 + 6*p**2 - 5*p - 16. Let k be g(8). Calculate the greatest common factor of k and 19.
19
Suppose -89392 = -29*f + 7990. Calculate the greatest common divisor of 46 and f.
46
Suppose 61*x - 9*x = 9360. Calculate the highest common factor of x and 135.
45
Let c be 6/51 - (-3868)/68. Suppose -c = 5*u - 72. Let q = 43 + -31. What is the greatest common divisor of q and u?
3
Let h be 3 + ((-1458)/(-9))/(-2). Let b = -21 - -42. Let j be (-38)/(-14) - (-4 - h/b). Calculate the highest common factor of j and 2.
1
Suppose 4*i + 886 = 4*j - 50, -j + 1174 = -5*i. Let x = 125 - i. Calculate the greatest common factor of 40 and x.
40
Let a(w) = 71*w**2 + 39*w - 72. Let n be a(5). Calculate the highest common divisor of 292 and n.
146
Let o = -431 - -436. Let n be (0 + (-570)/(-9))*(o - 2). What is the greatest common divisor of n and 20?
10
Let r = 131 + -121. Suppose -r*n + 199 = -191. Let p = -15 + n. What is the greatest common factor of 16 and p?
8
Suppose -m = -5*s - 58, -5*s - 350 = -13*m + 8*m. Suppose -p - 77*a + 79 = -m*a, 0 = 2*p + 5*a - 170. What is the highest common divisor of p and 475?
95
Suppose -2550 = 41*u - 67*u - 54. Let x = 2 - 5. Let p be x/12 - 514/(-8). What is the highest common factor of p and u?
32
Let b be (1*(-6)/1)/(129/(-344)). Let j(w) = w**2 + 4*w - 5. Let c be j(-13). Calculate the highest common factor of b and c.
16
Let w = -1007 + 1018. What is the greatest common divisor of 10351 and w?
11
Let h be (-2 + 4)/((-32 + 31)/(34/(-4))). What is the highest common divisor of h and 7939?
17
Suppose 97*u + 3 = 98*u. Suppose -u*q - 3*r + 45 = 0, -q + 0*q = 4*r - 24. What is the greatest common factor of 6 and q?
6
Suppose v + 2*q = 41, 2*v - 7*q - 25 = -8*q. Suppose -3*s = -s - 10. Let r = -1 + s. Calculate the highest common factor of r and v.
1
Let z = 1 - 6. Let u(y) = 0 - 4*y - 4*y + 5*y**2 + 5*y - 10. Let l be u(z). Calculate the highest common divisor of 13 and l.
13
Let s(o) = o**2 + 29*o - 1. Let y be s(0). Let j be -39*3*1/9*y. What is the greatest common factor of 533 and j?
13
Suppose -46*t = -25*t - 567. What is the greatest common factor of 333 and t?
9
Let u = -378 + 421. Suppose u = m - 3*r, 4*m + 2*r = 4*r + 192. What is the greatest common divisor of 1519 and m?
49
Suppose 246 = -11*f + 70. Let x = f + 34. Suppose -4*k + 23 = 3, -3*s + 535 = -k. What is the greatest common divisor of s and x?
18
Let k be (64/20)/(13/(11034 - -16)). Calculate the highest common factor of k and 4640.
160
Let p = 126 + -114. Suppose -443*d = -431*d - 396. What is the highest common factor of p and d?
3
Suppose -20*t = -44*t + 48. Suppose -r + t*l + 67 = 0, -l + 1 = -2*l. Calculate the highest common divisor of 104 and r.
13
Let r = 80 - 38. Suppose 32*t + 2260 + 2732 = 0. Let v be ((-21)/4)/((-1079)/t + -7). What is the highest common factor of r and v?
21
Suppose -3*r + 19 = -2*v, 4*v + 0 = 3*r - 23. Let z be (-435)/(-5) + (-30)/r. What is the greatest common divisor of z and 27?
27
Let d(w) be the second derivative of -w**4/6 - 19*w**3/6 - 6*w**2 + 3*w + 16. Let b be d(-8). Calculate the greatest common factor of b and 636.
12
Suppose -13*j + 6661 + 4922 = 0. Calculate the highest common factor of 12 and j.
3
Supp